
2, 3, 7, 37, 101
List the prime factors of 199478.
2, 17, 5867
What are the prime factors of 1299647?
1299647
List the prime factors of 221670.
2, 3, 5, 821
List the prime factors of 5830464.
2, 3, 30367
List the prime factors of 47340.
2, 3, 5, 263
List the prime factors of 34406896.
2, 23, 93497
What are the prime factors of 6865288?
2, 858161
List the prime factors of 2861753.
191, 14983
List the prime factors of 8858892.
2, 3, 7, 263, 401
List the prime factors of 2411353.
7, 344479
List the prime factors of 4111759.
139, 29581
What are the prime factors of 31210687?
31210687
What are the prime factors of 164723?
13, 12671
List the prime factors of 3931558.
2, 827, 2377
What are the prime factors of 184560?
2, 3, 5, 769
What are the prime factors of 111453?
3, 97, 383
List the prime factors of 4986686.
2, 907, 2749
List the prime factors of 4262447.
7, 643, 947
What are the prime factors of 5674616?
2, 19, 37, 1009
List the prime factors of 1334546.
2, 667273
What are the prime factors of 19793005?
5, 3958601
What are the prime factors of 6683181?
3, 2227727
List the prime factors of 6527936.
2, 101999
What are the prime factors of 4690432?
2, 9161
List the prime factors of 81391.
199, 409
What are the prime factors of 293571?
3, 83, 131
What are the prime factors of 33765?
3, 5, 2251
What are the prime factors of 7497586?
2, 23, 389, 419
What are the prime factors of 2601891?
3, 289099
List the prime factors of 264782.
2, 7, 18913
What are the prime factors of 8994721?
8994721
List the prime factors of 3244182.
2, 3, 540697
What are the prime factors of 447904?
2, 13997
What are the prime factors of 107025?
3, 5, 1427
List the prime factors of 324814.
2, 7, 23201
What are the prime factors of 29780?
2, 5, 1489
What are the prime factors of 96651?
3, 10739
List the prime factors of 6834432.
2, 3, 11, 809
List the prime factors of 2020911.
3, 673637
List the prime factors of 12593.
7, 257
List the prime factors of 28403276.
2, 11, 645529
What are the prime factors of 3674368?
2, 31, 463
What are the prime factors of 16002359?
2251, 7109
List the prime factors of 5402911.
257, 21023
What are the prime factors of 1507743?
3, 233, 719
List the prime factors of 1297831.
17, 76343
List the prime factors of 9591633.
3, 569, 1873
What are the prime factors of 8670157?
8670157
List the prime factors of 11332640.
2, 5, 11, 47, 137
List the prime factors of 334523.
7, 6827
What are the prime factors of 4598032?
2, 193, 1489
List the prime factors of 41439216.
2, 3, 7, 13, 53, 179
List the prime factors of 6616207.
13, 101, 5039
What are the prime factors of 5304397?
7, 103, 1051
List the prime factors of 1659105.
3, 5, 7, 23, 229
List the prime factors of 1257694.
2, 17, 71, 521
What are the prime factors of 19365548?
2, 61, 79367
What are the prime factors of 142882?
2, 199, 359
List the prime factors of 10024255.
5, 2004851
List the prime factors of 87176.
2, 17, 641
What are the prime factors of 3084198?
2, 3, 13, 39541
What are the prime factors of 4210944?
2, 3, 5483
What are the prime factors of 13109107?
11, 19, 62723
List the prime factors of 21677367.
3, 59, 122471
List the prime factors of 53845.
5, 11, 89
List the prime factors of 97027.
7, 83, 167
List the prime factors of 1747349.
331, 5279
What are the prime factors of 260520?
2, 3, 5, 13, 167
List the prime factors of 103363.
13, 7951
What are the prime factors of 1320969?
3, 13, 33871
List the prime factors of 1060227.
3, 7, 16829
What are the prime factors of 1558561?
1558561
What are the prime factors of 1650768?
2, 3, 7, 17
What are the prime factors of 468591?
3, 109, 1433
List the prime factors of 53912.
2, 23, 293
List the prime factors of 275685.
3, 5, 18379
List the prime factors of 130505.
5, 43, 607
What are the prime factors of 1116492?
2, 3, 13, 17, 421
What are the prime factors of 3531629?
131, 26959
List the prime factors of 10912458.
2, 3, 1818743
List the prime factors of 5109090.
2, 3, 5, 7, 24329
List the prime factors of 126769.
17, 7457
What are the prime factors of 371165?
5, 19, 3907
List the prime factors of 257383.
7, 83, 443
List the prime factors of 552732.
2, 3, 46061
What are the prime factors of 18148157?
47, 386131
List the prime factors of 882672.
2, 3, 7, 37, 71
What are the prime factors of 1788462?
2, 3, 13, 7643
List the prime factors of 2651841.
3, 294649
List the prime factors of 176460.
2, 3, 5, 17, 173
List the prime factors of 118067.
37, 3191
What are the prime factors of 2495333?
43, 58031
List the prime factors of 6687710.
2, 5, 23, 29077
List the prime factors of 7510800.
2, 3, 5, 11, 569
List the prime factors of 4730131.
7, 17, 39749
What are the prime factors of 25315075?
5, 179, 5657
What are the prime factors of 2074683?
3, 13, 53197
List the prime factors of 6803131.
163, 41737
List the prime factors of 4965550.
2, 5, 47, 2113
List the prime factors of 5300920.
2, 5, 132523
List the prime factors of 681114.
2, 3, 7, 16217
What are the prime factors of 4058944?
2, 63421
List the prime factors of 650158.
2, 325079
What are the prime factors of 576795?
3, 5, 38453
List the prime factors of 1985696.
2, 62053
List the prime factors of 98500.
2, 5, 197
What are the prime factors of 783461?
7, 59, 271
List the prime factors of 2563611.
3, 577, 1481
What are the prime factors of 4126921?
4126921
List the prime factors of 3704938.
2, 1852469
What are the prime factors of 441355?
5, 103, 857
List the prime factors of 496725.
3, 5, 37, 179
List the prime factors of 649384.
2, 81173
List the prime factors of 322865.
5, 31, 2083
What are the prime factors of 785215?
5, 97, 1619
What are the prime factors of 854334?
2, 3, 13, 1217
List the prime factors of 190623.
3, 63541
List the prime factors of 10167913.
7, 1452559
List the prime factors of 844042.
2, 127, 3323
What are the prime factors of 734338?
2, 11, 29, 1151
List the prime factors of 812498.
2, 17, 23, 1039
List the prime factors of 4261850.
2, 5, 85237
What are the prime factors of 232690?
2, 5, 23269
What are the prime factors of 320211?
3, 47, 757
List the prime factors of 1870428.
2, 3, 7, 3181
List the prime factors of 8697147.
3, 73, 151, 263
What are the prime factors of 463844?
2, 61, 1901
List the prime factors of 9755905.
5, 347, 5623
List the prime factors of 9572130.
2, 3, 5, 106357
List the prime factors of 3816584.
2, 477073
List the prime factors of 314291.
467, 673
What are the prime factors of 1249132?
2, 312283
List the prime factors of 36082.
2, 18041
List the prime factors of 2080769.
37, 56237
List the prime factors of 43731.
3, 43, 113
List the prime factors of 110045.
5, 13, 1693
What are the prime factors of 199876?
2, 107, 467
List the prime factors of 769386.
2, 3, 17, 19, 397
List the prime factors of 11867137.
11867137
What are the prime factors of 2138878?
2, 7, 152777
List the prime factors of 232623.
3, 25847
List the prime factors of 1122705.
3, 5, 61, 409
List the prime factors of 2441248.
2, 76289
List the prime factors of 284735.
5, 11, 31, 167
What are the prime factors of 3050547?
3, 1016849
What are the prime factors of 1922829?
3, 640943
List the prime factors of 8007885.
3, 5, 177953
What are the prime factors of 2560279?
2560279
List the prime factors of 22494626.
2, 7, 11, 271
What are the prime factors of 299063?
299063
What are the prime factors of 3696410?
2, 5, 79, 4679
What are the prime factors of 558526?
2, 97, 2879
List the prime factors of 6902454.
2, 3, 13, 88493
What are the prime factors of 27573539?
7, 31, 283, 449
List the prime factors of 18552479.
11, 43, 61, 643
What are the prime factors of 19947517?
19947517
List the prime factors of 1265967.
3, 140663
What are the prime factors of 92235?
3, 5, 11, 13, 43
List the prime factors of 433899.
3, 37, 1303
List the prime factors of 10032048.
2, 3, 13, 23, 233
What are the prime factors of 227935?
5, 45587
List the prime factors of 4620317.
13, 293, 1213
What are the prime factors of 2301492?
2, 3, 191791
What are the prime factors of 259174?
2, 129587
What are the prime factors of 1564693?
13, 37, 3253
List the prime factors of 2030199.
3, 676733
List the prime factors of 5966929.
5966929
List the prime factors of 646524.
2, 3, 17959
List the prime factors of 92977.
109, 853
Wha